93. Suppose -7*a = -2*a - y. Calculate the remainder when a is divided by 6.
3
Let i(t) = 2*t**3 - 3*t**2 - 2*t + 4. Calculate the remainder when i(3) is divided by 7.
4
Let u = 5 + 29. Calculate the remainder when u is divided by 18.
16
Let j be (-9 + 10)/(1/21). Suppose -3*o - 2 = 1. Let w = j + o. Calculate the remainder when 39 is divided by w.
19
Let d(r) = 13*r - 42. What is the remainder when 112 is divided by d(5)?
20
Suppose y = 3 + 11. Calculate the remainder when 54 is divided by y.
12
Let y(i) = 2*i**2 - i - 1. Let b be y(-1). What is the remainder when 23 is divided by 16 - b - (0 + 2)?
11
Suppose 0 = 2*f - 4*a - 54, 3*f + f = a + 73. Let m = -77 - -124. Calculate the remainder when m is divided by f.
13
Suppose 1 - 17 = -4*t. What is the remainder when 22 is divided by t?
2
Let l = -8 - -21. Calculate the remainder when 64 is divided by l.
12
Suppose -5*x + 49 = 3*b, -4*b - 20 = -x - 3*x. Calculate the remainder when 27 is divided by x.
3
Let a = -23 + 40. What is the remainder when 33 is divided by a?
16
What is the remainder when 8 is divided by -6*2/(-8)*2?
2
Suppose 296 = 9*c - c. Calculate the remainder when c is divided by 10.
7
Let h(l) = -33*l**3 + 2*l**2 - 1. Let n = 9 + -10. Suppose -u - 3*v + 26 = -4, -4*u - 5*v + 92 = 0. Calculate the remainder when h(n) is divided by u.
16
Let z(s) be the second derivative of s**4/12 - s**3/3 - 2*s**2 - 5*s. Let a be z(4). What is the remainder when 183/a + 1/4 is divided by 24?
22
Suppose 4*t + 3*r = 50, -2*t - 2*r - 2*r + 20 = 0. Calculate the remainder when 138 is divided by t.
12
Let h be (20/12 - 2)*-12. What is the remainder when (9/(-1 + h))/3 is divided by 1?
0
Let p be 36/7 - 9/63. Suppose -z + p*o + 15 = 0, -4*z + 20 = -3*z - 4*o. Calculate the remainder when z is divided by 14.
12
Suppose 0 = 11*f - 23*f + 36. Calculate the remainder when 26 is divided by f.
2
Suppose 4*q - 2*m = 108, 2*q + 108 = 6*q - 3*m. Calculate the remainder when 48 is divided by q.
21
Suppose -4*j + 7 = -25. Let n(v) = -v + 8. Calculate the remainder when n(-7) is divided by j.
7
Let l(w) = w**2 + 11*w + 49. Calculate the remainder when 146 is divided by l(0).
48
Let y(g) = -5*g**2 - g + 1. Let p(m) = -m**2 + m. Let k(z) = -4*p(z) + y(z). Calculate the remainder when 9 is divided by k(-4).
4
Let p = 8 - 4. What is the remainder when 18 is divided by p?
2
Suppose -11 = 2*w - 47. Calculate the remainder when 53 is divided by w.
17
Let j(l) = 2*l**2 + 7*l + 4. Let y be j(-4). Suppose -z = z - y. Let d(f) = f**3 - 2*f**2 - 12*f - 1. What is the remainder when d(5) is divided by z?
2
Let f be (-2 - -1 - -1) + 4. Let a be (f/(-3))/((-4)/6). Calculate the remainder when (-2)/(((-4)/46)/a) is divided by 16.
14
Suppose -3*d + 444 = 3*s, -2*s = -5*d + 60 - 370. Calculate the remainder when s is divided by 38.
36
Suppose 122 = 3*p - 109. Suppose 0 = 4*o + y - 102, -4*o + 121 = -y + 15. Calculate the remainder when p is divided by o.
25
Let x(l) = -l + 10. Let i be x(5). Suppose -i*u - y = -127, -u + y + 21 = -y. Calculate the remainder when u is divided by 13.
12
Suppose 5 = 3*f + 2*k, -7*k - 35 = -5*f - 5*k. Suppose -2*y + 0*y - 15 = -f*v, v + 4*y = -19. Calculate the remainder when 2 is divided by v.
0
Let h(k) = -k**3 + 8*k**2 - 3*k - 16. Let d be h(7). Let q = d - -23. Let v = 20 + -8. Calculate the remainder when q is divided by v.
11
Suppose -5*x = -x. Suppose v = -x*v - 9. Calculate the remainder when 11 is divided by v/(-2) + 8/(-16).
3
Let g = 27 - 6. What is the remainder when 59 is divided by g?
17
Suppose 0 = 3*g - g - 2*q - 6, 2*q + 4 = 0. What is the remainder when (g + 0)/(3/18) is divided by 4?
2
Suppose -13*i - 80 = -17*i. Suppose -g = 3*g + 348. Let l = -49 - g. Calculate the remainder when l is divided by i.
18
Let a(t) = -5*t + 28. Let d be a(-10). Let m be (1/(-2))/(-1)*2. What is the remainder when 38 is divided by (m/(-2))/((-3)/d)?
12
Let j(a) = a - 3. Let q be j(3). Suppose -y + 3 + 3 = q. What is the remainder when 6 is divided by 22/6 + 2/y?
2
Suppose -7*q + 16 = -2*q + 2*j, 3*j = 2*q - 14. Suppose q*c - 4 = 20. Calculate the remainder when 26 is divided by (-1)/3 - (-86)/c.
12
Let q = 65 - 52. Let g = 85 + -35. Calculate the remainder when g is divided by q.
11
Let z(j) = j**2 - 4*j + 3. Let a be z(3). Let w(h) = h**2 - h + 3. Let v be w(a). Suppose -114 = -v*s + 24. What is the remainder when s is divided by 12?
10
Let i(p) = p**3 + 14*p**2 - 38*p - 6. What is the remainder when i(-16) is divided by 47?
43
Suppose -25*t = -24*t - 3. Suppose -i + 15 = 4*i. Suppose -5*h = 5*a - 45, t*h - i*a - 26 + 5 = 0. Calculate the remainder when h is divided by 5.
3
Suppose -6 - 22 = -4*f. Suppose 21 - f = 2*c. What is the remainder when 12 is divided by c?
5
Let v(d) = 2*d + 14. Calculate the remainder when v(9) is divided by 11.
10
Let y(v) = v**3 + 10*v**2 - v - 1. Let b(a) = a**3 - a**2 + a + 4. What is the remainder when b(3) is divided by y(-10)?
7
Let s(g) = g**3 + 5*g**2 - 2*g - 1. Let v be (-4 + 0)/(4/(-2)). What is the remainder when -2 + 1 + v - -15 is divided by s(-5)?
7
Suppose -2*m = -0*m - 4. Suppose -14 = -b + m*l, 0 = 6*b - b + 5*l - 70. What is the remainder when 26 is divided by b?
12
Let o = 38 + 8. Calculate the remainder when o is divided by 16.
14
Suppose -2 = i + 1, i = 5*j - 3. Suppose j = -x + 2 + 16. Calculate the remainder when x is divided by 5.
3
What is the remainder when 13 is divided by 130/15 - (-2)/(-3)?
5
Calculate the remainder when (-11)/(-5) + (-4)/20 is divided by 1.
0
Let x = 3 - -1. Let b = -13 - -20. What is the remainder when b is divided by x?
3
Suppose k = -4*d + 9 + 2, 2*k = 3*d - 22. What is the remainder when 18*((-10)/6)/(-5) is divided by d?
2
Let b = -80 + 91. What is the remainder when 54 is divided by b?
10
Suppose -75 = 3*o + 2*o. Let f = 35 + o. What is the remainder when 61 is divided by (f - (-2)/2) + 0?
19
Suppose -x + 2*q + 14 = 0, 0*q + 46 = 4*x + 2*q. Calculate the remainder when 117 is divided by x.
9
Let y(i) = i**3 + 7*i**2 - 2*i - 1. What is the remainder when y(-7) is divided by 5?
3
Let l(t) be the first derivative of -t**4/4 - 2*t**3 - t**2/2 - 6*t + 6. What is the remainder when l(-7) is divided by 13?
11
Let y = 442 - 427. Let o = -2 - -6. Calculate the remainder when y is divided by o.
3
Suppose -8 = -32*h + 31*h. Calculate the remainder when 61 is divided by h.
5
Let t(c) = -c**3 + 2*c**2 + c - 1. Let b be t(2). Let d be 0/b + 1 + 1. Let q = 9 - d. What is the remainder when q is divided by 3?
1
Let y(d) = 7*d**2 + 2*d - 1. Let v be -17 + 2 + -4 + 4. Let w = v - -37. Calculate the remainder when w is divided by y(1).
6
Let q = 2 - 0. Let l be 2*5/((-5)/(-2)). Suppose -2 + l = s. Calculate the remainder when s is divided by q.
0
Suppose n + n - 8 = 0. Suppose n*g = 3*g + 11. Calculate the remainder when 42 is divided by g.
9
Let q = 53 + -16. Suppose 2*u - 2*z + 2 = 0, 5*z - q = -3*u - 0*z. Suppose -u*r = -6*r + 26. Calculate the remainder when 38 is divided by r.
12
Suppose 2 = 2*w - w. Suppose 3*h = -w*h + 90. Let v(t) = -t**2 + 13*t + 12. What is the remainder when v(11) is divided by h?
16
Suppose d + 175 = 4*y + 2*d, -4*d - 110 = -2*y. Let i = y + -30. What is the remainder when 59 is divided by i?
14
Let f = -45 - -17. Let x be (f/6)/((-2)/6). Suppose -x - 12 = -2*m. What is the remainder when 37 is divided by m?
11
Let g = 20 - 4. What is the remainder when 46 is divided by g?
14
Suppose -1 = -2*y + 7. Suppose -y*x = 3*v - 144, 2*x = -x. What is the remainder when v is divided by 17?
14
Let j = 94 + -59. Suppose 0 = -2*r + 3*r - j. Calculate the remainder when r is divided by 12.
11
Let m(q) = -q + 10. Let j be m(7). Let k be j + 1 + -1 + 0. Let g = 2 + k. Calculate the remainder when 17 is divided by g.
2
Let a be 6*12/2 + -1. Let c = a - 21. Calculate the remainder when c is divided by 4.
2
Suppose -g + 220 = 2*g - 4*v, 3*g + 5*v - 265 = 0. Suppose -g = -o - 21. Calculate the remainder when o is divided by 15.
14
Let a = 73 + -63. What is the remainder when 27 is divided by a?
7
Suppose 1 + 71 = 2*l. Calculate the remainder when l is divided by 19.
17
Suppose 0*n + 21 = 3*n. Suppose -5*t + n = 2*o, t + 2 + 1 = 0. Suppose -4*w + o + 9 = 0. Calculate the remainder when 14 is divided by w.
4
Suppose -2 = -5*i + 8.